 of 1239420 and 42?
42
What is the highest common factor of 41 and 533?
41
What is the greatest common factor of 1080417 and 338?
169
What is the greatest common divisor of 2803 and 6?
1
Calculate the highest common divisor of 56548 and 633.
211
What is the highest common divisor of 8774 and 12947?
107
Calculate the greatest common divisor of 664 and 37682.
166
What is the highest common divisor of 20 and 46710?
10
Calculate the greatest common divisor of 65 and 27209.
13
What is the greatest common divisor of 5022 and 395901?
837
What is the highest common divisor of 289 and 100691?
17
What is the highest common divisor of 17100 and 36390?
30
Calculate the highest common factor of 4932 and 828.
36
What is the highest common divisor of 8074 and 88?
22
What is the greatest common factor of 51 and 2836059?
51
Calculate the greatest common factor of 243 and 54.
27
What is the highest common factor of 241 and 1332971?
241
What is the greatest common factor of 16800 and 20930?
70
Calculate the highest common factor of 2046 and 39432.
186
What is the highest common divisor of 123188 and 13156?
1196
Calculate the greatest common divisor of 70 and 52570.
70
Calculate the highest common factor of 19 and 1920482.
19
Calculate the greatest common factor of 5840 and 15695.
365
What is the greatest common factor of 13576 and 24?
8
Calculate the greatest common factor of 539 and 187.
11
What is the greatest common divisor of 219800 and 1800?
200
What is the highest common divisor of 841086 and 18?
18
Calculate the greatest common factor of 1098 and 88938.
1098
Calculate the greatest common divisor of 2407 and 2523.
29
Calculate the greatest common factor of 1112 and 8618.
278
Calculate the highest common factor of 69000 and 218040.
2760
Calculate the greatest common divisor of 87 and 3876024.
87
Calculate the highest common divisor of 130 and 2560.
10
Calculate the greatest common factor of 528 and 1617.
33
What is the greatest common divisor of 6772 and 32?
4
What is the greatest common divisor of 18 and 417636?
18
Calculate the highest common factor of 28 and 18326.
14
Calculate the highest common factor of 1704 and 7224.
24
Calculate the greatest common factor of 2772 and 2716.
28
What is the highest common divisor of 13277 and 1006638?
1207
Calculate the greatest common divisor of 329043 and 143.
143
Calculate the greatest common divisor of 225 and 26850.
75
What is the greatest common divisor of 4273687 and 1177?
1177
Calculate the highest common divisor of 340 and 209270.
170
Calculate the highest common divisor of 4070984 and 1992.
664
What is the highest common factor of 100 and 897100?
100
What is the greatest common factor of 860 and 23908?
172
What is the highest common factor of 831025 and 75?
25
What is the highest common factor of 1900 and 354350?
950
Calculate the greatest common factor of 208 and 3159676.
52
What is the highest common factor of 307717 and 23?
23
What is the greatest common factor of 355104 and 84?
12
Calculate the greatest common factor of 342860 and 1820.
140
What is the greatest common factor of 3510 and 4290?
390
Calculate the highest common factor of 247 and 65312.
13
Calculate the highest common factor of 100 and 91775.
25
Calculate the highest common divisor of 44 and 78529.
11
What is the highest common divisor of 450996 and 14196?
1092
What is the highest common factor of 97781 and 6707?
353
What is the greatest common factor of 77 and 7345261?
77
What is the highest common divisor of 141 and 463937?
47
What is the greatest common factor of 234429 and 52?
13
Calculate the greatest common factor of 3247415 and 5.
5
Calculate the highest common divisor of 13579 and 1591.
37
What is the highest common divisor of 89274 and 24?
6
Calculate the greatest common factor of 6 and 28722.
6
What is the highest common factor of 47940 and 85170?
510
What is the highest common factor of 223160 and 8960?
280
What is the highest common factor of 18 and 4702122?
18
Calculate the greatest common divisor of 63 and 423696.
21
What is the greatest common divisor of 5005 and 325?
65
Calculate the highest common factor of 14 and 892822.
14
Calculate the greatest common divisor of 390 and 160095.
195
What is the greatest common divisor of 1828147 and 206?
103
Calculate the greatest common factor of 25 and 97835.
5
Calculate the highest common divisor of 135625 and 6293.
217
What is the highest common factor of 27024 and 39408?
48
What is the greatest common divisor of 97099 and 16365?
1091
What is the highest common divisor of 12150 and 18450?
450
What is the highest common divisor of 368955 and 2835?
405
Calculate the highest common divisor of 6790 and 5460.
70
Calculate the greatest common divisor of 28 and 16292.
4
What is the greatest common factor of 189892 and 232?
116
Calculate the greatest common factor of 3281 and 51.
17
Calculate the highest common divisor of 123 and 136120.
41
What is the greatest common divisor of 2658763 and 1398?
233
Calculate the highest common divisor of 612 and 935.
17
Calculate the greatest common divisor of 217336 and 616.
56
What is the highest common factor of 1484 and 20617?
53
Calculate the highest common factor of 10760 and 37960.
40
What is the greatest common divisor of 25 and 714325?
25
Calculate the highest common divisor of 4140 and 4025.
115
Calculate the highest common divisor of 1852362 and 324.
54
What is the highest common divisor of 51516 and 5088?
636
What is the highest common divisor of 40 and 4724?
4
Calculate the highest common divisor of 5696985 and 337.
337
Calculate the greatest common divisor of 58760 and 2795.
65
What is the greatest common factor of 2 and 5427?
1
What is the highest common factor of 7 and 43477?
7
What is the highest common factor of 1071 and 108018?
153
Calculate the highest common divisor of 7909 and 33.
11
Calculate the greatest common divisor of 140 and 228270.
70
Calculate the greatest common factor of 702075 and 225.
75
What is the greatest common factor of 790050 and 1380?
690
What is the greatest common factor of 308 and 43813?
77
Calculate the greatest common divisor of 3566921 and 3489.
1163
Calculate the greatest common divisor of 1652120 and 5150.
1030
Calculate the greatest common factor of 19251 and 184.
23
What is the highest common factor of 11254 and 6?
2
What is the greatest common factor of 813184 and 128?
128
Calculate the highest common factor of 66326 and 208.
26
Calculate the highest common factor of 110 and 451847.
11
What is the greatest common divisor of 1316 and 73132?
188
What is the greatest common divisor of 187785 and 216?
27
What is the greatest common divisor of 64 and 14?
2
What is the greatest common divisor of 3504 and 26976?
48
What is the highest common divisor of 96256 and 2726?
94
Calculate the highest common factor of 1520128 and 512.
512
What is the highest common divisor of 646 and 213218?
38
Calculate the greatest common factor of 12720 and 45.
15
Calculate the highest common factor of 6482 and 84.
14
What is the greatest common divisor of 620 and 95232?
124
What is the greatest common divisor of 141722 and 546?
14
Calculate the highest common divisor of 1230 and 865182.
246
What is the highest common factor of 35547 and 450840?
867
Calculate the highest common divisor of 1944367 and 881.
881
Calculate the highest common divisor of 3100 and 2.
2
Calculate the greatest common factor of 88 and 230483.
11
Calculate the greatest common divisor of 76896 and 64.
32
What is the greatest common factor of 322 and 10906?
14
What is the highest common divisor of 272 and 609314?
34
Calculate the highest common factor of 2325 and 3813.
93
What is the greatest common divisor of 140015 and 328?
41
Calculate the highest common divisor of 234748 and 4.
4
What is the greatest common factor of 3220878 and 246?
246
Calculate the highest common factor of 11258 and 7618.
26
What is the highest common factor of 526 and 4735578?
526
What is the highest common divisor of 659 and 1713400?
659
Calculate the highest common factor of 1722 and 10250.
82
Calculate the greatest common divisor of 81739 and 35.
7
Calculate the highest common divisor of 427 and 1169980.
427
What is the greatest common factor of 253 and 53526?
11
Calculate the highes